Determine z(q).
-11
Let x(b) = -b - 6. Suppose 0*w + 25 = -3*w - 2*t, -46 = 5*w - t. Let d be x(w). Let v(s) = s**2 - 4*s - 1. Give v(d).
-4
Let w(g) = -3*g - 1. Let s = 109 - 111. What is w(s)?
5
Let l(n) = n**3 + 5*n**2 + 5*n + 4. Let f(z) = -2*z - 17. Let o be f(-7). Determine l(o).
7
Let p(o) be the first derivative of -o**4/4 + o**3 + 2*o**2 - 2*o - 9. Suppose -4*i - 7 - 9 = 0. Let l be (1 + 0)*-1*i. What is p(l)?
-2
Suppose 3*y = 2*t + 22, y - 21 = -3*y + t. Let s be 0*(-1 + (y - 2)). Let n(u) be the second derivative of u**4/12 + u**3/6 + 5*u**2/2 - u. Determine n(s).
5
Let j(n) = n**2 - n + 3. Let k(m) = m**2 - 6*m + 4. Let v be k(4). Let h be 6/v + (-3)/(-2). Calculate j(h).
3
Let k(m) = -m - 3*m**2 - 42 + 0*m + 45 + m**3 + 2*m. Give k(3).
6
Let o(i) = i**2 + 10*i - 2. Suppose y + 18 = 3*t - 3, -t - 14 = 2*y. Give o(y).
-11
Let v be 1 + (5 - (0 + 1)). Let o be 3/(-2*3)*-2. Let q(t) = t**2 + 1 - 5*t + o + 0*t + 0. Give q(v).
2
Let z be (-48)/(-32)*(-4)/(-3). Let a(d) = -d**3 + 4*d**2 - 3*d + 3. Calculate a(z).
5
Let f(l) = -l**3 + 6*l**2 - 4*l - 6. Let z be 31/5 + 3/(-15). Suppose 0 = 2*g + 2 - z. Let k = g + 3. Calculate f(k).
-1
Let t = 2 + 2. Let x(q) = -5*q**3 - 9*q**2 - 11*q. Let a(l) = l**3 + l**2 + l. Let k(v) = -6*a(v) - x(v). Determine k(t).
4
Suppose -4*s - n = -3*s - 2, s + 4*n + 1 = 0. Let u = -6 + s. Let p(m) = m**2 + 5*m + 4. Let q be p(u). Let j(d) = 5*d + 2. Calculate j(q).
-8
Suppose 0*l = 3*l - 3. Let f(w) be the first derivative of -w**4/4 + w**3/3 - w**2 + w + 2. What is f(l)?
-1
Let l(h) = h - 1. Let g(k) = 17*k + 7 - 7*k - 10*k - 6*k. Let o(y) = -g(y) - 5*l(y). Give o(2).
0
Let q(h) = -6*h**2. Suppose 0 = -5*y - y + 6. What is q(y)?
-6
Let i(o) = -o**3 - 5*o**2 + 2*o + 5. Suppose -5 = -3*y + 1. Suppose 16 = 2*b + y*b. Let s(p) = p**2 - 5*p - 1. Let j be s(b). Determine i(j).
-5
Let p = 8 - 11. Let v(m) = -6*m - 4. Let z(k) = -k - 1. Let b(j) = p*z(j) + v(j). Let g be 3/2*2/3. Give b(g).
-4
Let v(d) = -3*d - 5. Let g(w) = -3*w - 4. Let q(t) = -3*g(t) + 2*v(t). Let x = -5 - -1. Let l be (-1)/2 - 10/x. Calculate q(l).
8
Let r be 5/7 - (-4)/14. Let f(s) = 2*s + 1. Let l(b) = -7*b - 4. Let o(v) = 3*f(v) + l(v). Calculate o(r).
-2
Let o(c) = -c**3 + 0 + 7 - 15 + 0*c - c - 7*c**2. Give o(-7).
-1
Suppose -5*l - 17 = -2. Let r(t) be the third derivative of t**5/60 + 5*t**4/24 - t**3/3 - 90*t**2. Calculate r(l).
-8
Let k(s) = -14*s + s**2 + 2 - 11*s + 23*s. Suppose -4 + 10 = 3*f. Calculate k(f).
2
Let g = 106 + -104. Let z(c) = c**3 + 2*c - 1. Calculate z(g).
11
Let q(o) = 7*o**2 + 8*o - 14. Let w(m) = 20*m**2 + 23*m - 41. Let a(p) = 17*q(p) - 6*w(p). Give a(-6).
-16
Let b be 3*(60/(-9))/(-5). Let u(p) be the third derivative of p**4/24 - 2*p**3/3 - 3*p**2. Calculate u(b).
0
Let i(q) = -2*q**3 + 4*q**2 - 3*q. Let s = 134 + -132. Calculate i(s).
-6
Let n(s) = -9 - 5 - s + 15. What is n(0)?
1
Let u(b) = -b**2 + 6*b. Let g(f) = f**3 + 6*f**2 - 2*f - 9. Let y be g(-6). Suppose 5*a = y*z - 9 - 1, 0 = 2*a - 2*z. Let h be a*-4*(-1)/(-5). Calculate u(h).
8
Let h(a) = a**2 - 6*a - 4. Let r = -82 - -86. Give h(r).
-12
Let g(y) = y + 1. Let u be g(7). Let k = u + -9. Let f(r) = -4*r**2 + r + 1. Determine f(k).
-4
Let c(k) = -2*k**2 + 2*k + 1. Let q(a) = -a**2 + 4*a + 2. Let u = 2 + 2. Let l be q(u). What is c(l)?
-3
Let x(y) = 0*y - y + 1 - y**2 - y + 3. Suppose 19 = -5*o + p, 0 = -4*o - p - 3*p + 4. Determine x(o).
1
Let l(o) = -3*o**3 + 2*o + 5*o**3 - 4*o**3 + 2*o**2. Let z = 4 + -10. Let p = -4 - z. Calculate l(p).
-4
Let p(c) = c**3 - c + 7. Let v be 1 + -2*(-4)/(-8). Give p(v).
7
Let i(u) be the second derivative of u**3/6 - 4*u**2 + 12*u. What is i(6)?
-2
Let q be (2*-1 - -3)*-2. Let b(w) = w - 2. Let y be b(6). Let u(g) = 3*g**2 + g - 2. Let f(i) = 2*i**2 - 2. Let t(v) = y*f(v) - 3*u(v). Calculate t(q).
0
Suppose -4*m + m + 12 = 0. Suppose -l + 5 = -2*t, 4*t + m*l = -0*t - 16. Let n(u) = -u**3 - 2*u**2 - u - 3. Give n(t).
9
Let n = -384 + 378. Let d(y) = 17*y**2 + 12*y**2 - 5*y**3 - 25*y + 28 - 9. Let p(k) = -k**3 + 7*k**2 - 6*k + 5. Let t(m) = 2*d(m) - 9*p(m). Calculate t(n).
5
Let p(l) = -l + 1. Let d(i) = -i**2 - 11*i - 3. Let j(b) = d(b) - 2*p(b). Calculate j(-6).
13
Let x be (-172)/12 + (-2)/(-6). Let f = -10 - x. Let m(g) be the first derivative of -2*g**3/3 + 3*g**2 - g - 1. Give m(f).
-9
Suppose 6 = 3*x + 3*t, 0 = -3*x - 5*t - 0*t. Suppose -x*s = -2*s - 6. Let u(f) = s*f**2 - f**2 + 6 - 2*f - f - 9. Give u(4).
1
Let i(g) = 0*g - 2 + 0*g + 1 + 3*g. What is i(2)?
5
Let z(m) = m. Let b(j) = 3*j - 5. Let u(i) = b(i) - 4*z(i). What is u(-4)?
-1
Suppose 5*d = 4*s + 28, -5*d + 29 = -2*s + 5. Let u(r) = 3*r - 7. Let c(o) = -4*o + 8. Let p(j) = 2*c(j) + 3*u(j). Calculate p(d).
-1
Suppose -4*z - 4*o = 0, -10 = -0*z - 3*z - o. Let v(t) = -119*t + 120*t + 12 - z. Give v(0).
7
Suppose 4 = -4*l + 16. Let p(v) = -2*v**2 - 3*v - 1. Let r(t) = t**2 - 1. Let w(h) = -p(h) - 3*r(h). Determine w(l).
4
Let x(c) be the first derivative of -1/2*c**2 - 2 + 0*c. What is x(-5)?
5
Suppose -22 = -4*b + 2*b. Let w = b - -8. Suppose -w = 3*f - 7. Let r(h) = h**2 + 3*h - 5. Calculate r(f).
-1
Let a(s) = s**3 - 5*s**2 - 5. Let p = -12 + 10. Let k(n) = -2*n**3 - 2*n**2 + 2*n + 1. Let u be k(p). Determine a(u).
-5
Let w = 0 - -4. Suppose -3*s + 2 = -c, -2*c - 6 = -0*c - w*s. Let v(z) = -z**2 + 5*z + 6. Let m(r) = -r**2. Let a(t) = 2*m(t) - v(t). Give a(c).
-6
Let t(z) = -z**2 + 7*z - 5. Let s = -3 - -7. Suppose -5*g + 0*b = 2*b - 23, 0 = g + 5*b - 23. Suppose -g*r = -2*r - s. Determine t(r).
7
Suppose 2*f - 4 = 2*n, -f = -5*n - 0*f + 2. Let k(z) = 4*z. Let y be k(n). Suppose 5*s - 2*b = -0*s + 11, -y*s + 3*b = -6. Let c(t) = -3*t + 1. Determine c(s).
-8
Let p(c) = -1 + 6 + 6*c - 4*c. Let z(g) = -g**3 - 4*g**2 + 6*g - 5. Let k be z(-5). Let s be k/(-2)*12/(-15). Calculate p(s).
-3
Let i(p) = -6*p. Let y(x) = x + 1. Let k(g) = i(g) + 3*y(g). Let s = 17 + -7. Suppose -2*l + s - 2 = 0. Give k(l).
-9
Let d(v) be the first derivative of 2*v**2 - v + 1. Suppose 5*c - 5 = -0*c. Let b = 2 - c. What is d(b)?
3
Let q = 28 + -30. Let r(x) = -5*x**2 + 4*x**2 - 1 + 2. Determine r(q).
-3
Let i be 2/(-1)*(-4)/(-4). Let r(c) = -c**3 - 3*c**2 - 3*c - 1. Determine r(i).
1
Let c(t) be the second derivative of t**5/5 - t**3/3 + t**2/2 - t. Let q be c(1). Let n(w) = -w**2 + 2. Calculate n(q).
-7
Let x(d) be the first derivative of -d**2/2 - 11*d + 4. Suppose -o - 4*o - 40 = -2*t, -5*o = 2*t + 20. What is x(o)?
-5
Let l = -3 + 11. Suppose -j + t = -0 - 1, -3*j + 2*t = -l. Let n = j + -3. Let h(f) = f - 1. What is h(n)?
2
Let m(w) be the third derivative of 1/3*w**3 + 0*w + 1/20*w**5 + 0 + 1/8*w**4 + 1/120*w**6 - 3*w**2. Give m(-2).
0
Let u(l) be the first derivative of -l**3/3 - l**2/2 + l - 1. Let z(c) = 3*c**2 + 7*c + 4. Let b(w) = -2*u(w) - z(w). Determine b(-5).
-6
Let l(d) = -d**2 + d + 2. Let z(y) = 1. Let s(r) = -l(r) + 4*z(r). Suppose k + 5 = 8. Give s(k).
8
Let w(l) = l**3 + 4*l**2 - 8*l. Let z(q) = 2*q**3 + 8*q**2 - 17*q. Let u(c) = 7*w(c) - 3*z(c). Let i = -6 - 0. Let n be i/2 - 2*1. What is u(n)?
0
Let b(o) be the first derivative of -5*o**3/3 + o**2 + o + 1. Suppose 3*p + 3 = -3. Let q be p*3/2 - -2. Give b(q).
-6
Let p(f) = -f**2 - 2*f + 1. Let x be 1*(28/(-8) + 3)*8. Determine p(x).
-7
Let m(v) = 7*v - 12. Let b(q) = 6*q - 11. Let k(i) = -5*b(i) + 4*m(i). Suppose -4*h + 23 = 3. What is k(h)?
-3
Let o(f) = 2*f**3 + 4*f**2 + 2*f. Suppose q + 0*q = -4*n - 14, 2*q - 3*n = 5. What is o(q)?
-4
Let b(m) = -m**3 + 3*m**2 - 3*m + 1. Suppose 5*s - 3*h + 12 = 0, -2*s - h - 3 = -7. Suppose -3*j = 5*p - 12, s*p + 5*p - 4*j - 19 = 0. Give b(p).
-8
Let o(g) = 36*g - 77*g - 2 - g**2 + 34*g. Determine o(-6).
4
Let g(s) = s**3 - 6*s**2 + 3*s. Let f = -135 + 141. What is g(f)?
18
Let b(l) = -3*l - 6. Suppose 2 = -t - 2. Let x = t + 8. Suppose 2*f + 19 = -3*r, -x*f = 3*r - 9*f + 5. Give b(r).
9
Let v(u) be the first derivative of -u**4/4 - 2*u**3 - 5*u**2/2 - 1. What is v(-5)?
0
Suppose -5*g = 1 - 11. Let a(j) = -6*j + 8. Let v(p) = 7*p - 9. Let b(r) = -6*a(r) - 5*v(r). Determine b(g).
-1
Let w(q) = 2*q**2 - 8*q + 1. Suppose 3*k + 21 = -0*k + 4*y, 3*k = -4*y + 3. Let i(h) = -h**2 + h - 1. Let t(n) = k*i(n) - w(n). Give t(-4).
-2
Suppose 2*s - 2 = -0*s. Let v(j) = j**2 + 2*j. L